-1 + 4 + -1 + -1.
1
What is the value of (9 - 15) + (-1 - (2 - 3))?
-6
Calculate -15 + -1 + 21 + 6.
11
What is (-9 - (7 - 14)) + 1 + -2?
-3
Evaluate -4 - (-3 + 4 + 0).
-5
-5 + 0 + 9 + 5 - 4
5
What is 4 + (2 - 6) + (1 - -3)?
4
What is 2 + 0 + 2 + (-7 - -5)?
2
Calculate -5 + 1 + (5 - -10) + -10.
1
What is -6 + (3 - (2 + -7)) + 1?
3
What is the value of 4 + (-4 - (-5 + 2)) + 3?
6
Evaluate (4 - -1) + (9 + -5 - 0).
9
What is 9 + -4 - 1 - 4?
0
6 + (2 - 4) + (-1 - 0)
3
Evaluate -3 + -3 - (-8 + 4).
-2
9 + (-1 - (-1 + 4))
5
Evaluate -7 + (-4 - (-1 - 7)) - -9.
6
Evaluate -2 + -1 + 2 + (3 - 1).
1
Calculate (-16 - -13) + -2 - (0 - 1).
-4
Calculate -2 + -1 + (-5 - -10).
2
What is the value of 16 + -2 - (-17 + 21)?
10
What is 12 - 14 - -11 - (-3 + 2)?
10
Evaluate -4 + (4 - (6 - 4)).
-2
Evaluate -10 + -7 + 2 + 9.
-6
What is (4 - 1) + 4 + 15 + -19?
3
What is 14 + 1 + 2 + -27?
-10
What is the value of (0 + -6 - -2) + 5?
1
What is 6 - (6 + -11 + 15)?
-4
Calculate -77 + 65 + 4 + 0.
-8
What is -7 + 0 - ((-6 - 4) + -5)?
8
Calculate 1 + (3 + 0 - 2) - 7.
-5
-29 + 29 - (2 - -3 - 2)
-3
-1 - (2 - (-5 - -3))
-5
Evaluate 4 + (7 - 1) + (-4 - 2).
4
What is the value of (1 - 4) + (5 - -1)?
3
What is 4 + 4 + -13 + 3 + -3?
-5
What is the value of (4 - 6) + 1 + -2?
-3
Evaluate (-1 - 0) + -4 + 2 + -2.
-5
What is 0 + (-4 + 9 - 5) + -1?
-1
What is the value of 2 - (-13 + 7 - -6)?
2
Evaluate (3 - (2 - 10)) + -11.
0
Evaluate -9 - (-6 - -5) - 0 - -8.
0
What is the value of 1 - (0 - (0 + 4))?
5
Calculate 4 - ((-3 - 8 - -6) + 16).
-7
(-11 - -2) + 29 + -11
9
-1 - (7 + -1 + -1 + -6)
0
What is the value of (4 + 0 - 3 - -2) + -1?
2
Calculate 2 + 1 - (14 - 13) - -1.
3
-12 + 0 + -11 + 30
7
Calculate (-3 - (4 + 4 + -18)) + -5.
2
What is 3 + (15 - 4) - 9?
5
Evaluate 8 - 10 - (0 + (2 - 0)).
-4
What is -4 + 3 + -14 + 1 - -6?
-8
2 - (8 - (-4 - -15))
5
Calculate -5 + 11 + (0 - 1).
5
What is the value of 2 - (3 - (-4 - -1 - -5))?
1
(7 - 18) + (5 - 1)
-7
-8 + (7 - 0) + -2 + -3
-6
2 - (26 + -10) - -10
-4
What is 5 + -5 - (-10 + 7) - 4?
-1
Calculate -3 - (5 + (3 - 6)).
-5
Calculate 2 - 6 - 0 - (-17 + 15).
-2
Calculate (-2 - 0) + (6 - 6) + -2.
-4
What is the value of (-5 - -12) + (-3 - -1)?
5
What is -1 - (5 + -6) - (-1 - 2)?
3
What is 0 - -9 - (-28 + 32)?
5
Evaluate 14 + 13 + -18 - 13.
-4
-49 - -48 - (-2 + -2)
3
-1 + 4 - (0 - (5 + -3))
5
What is (4 - 1) + -7 + 6 + -2?
0
(14 - 14) + (3 - (1 + -2))
4
What is the value of -2 - (-6 - -1 - (9 + -12))?
0
What is the value of (6 - -2 - 6) + -3?
-1
What is the value of (6 - 4) + -4 + -12 + 6?
-8
What is 5 + (-2 - 5 - (-10 + 7))?
1
-1 - 1 - (-1 + 7 + -9)
1
What is the value of 6 + -2 + (-16 - -6)?
-6
What is the value of (5 - (3 + 0)) + (4 - 1)?
5
What is -3 - ((-2 - -1) + (-10 - -3))?
5
What is 3 - (11 + -1 + -5)?
-2
Calculate 22 + -22 - (1 - 1).
0
Evaluate -62 - -67 - (3 + 0 + -1).
3
Calculate (-1 - -5 - 5) + (2 - -3).
4
7 + (-7 - 0) + -1
-1
What is (3 - 12) + 3 - 0 - -3?
-3
What is -3 + -2 + 2 + 2 + -2?
-3
What is -42 + 47 - (-3 + 0)?
8
What is the value of (3 - (6 + -2)) + (3 - 0)?
2
Evaluate -2 - (-1 + -1) - -1 - 6.
-5
-6 + -5 + (-2 - -9)
-4
Calculate -6 + 1 - (3 + -3 + -3).
-2
What is -11 - ((-9 - -1) + (-2 - -3))?
-4
Calculate -4 + 6 - 2 - -5.
5
What is the value of (0 - (0 + 3) - -3) + 2?
2
What is -10 - (3 - (-3 - -8))?
-8
Evaluate 0 + 0 - (-2 - (-7 - -1)).
-4
What is -5 - (-9 - -4 - -4) - -10?
6
Evaluate (4 - 3) + 2 + 0.
3
Evaluate 5 - ((-4 - (-4 + -4)) + 0).
1
Calculate 4 - (5 - 3) - 2.
0
Calculate -6 + 6 - (-2 - -2).
0
Calculate 5 + (1 + -6 - (3 + -7)).
4
What is -4 + (6 - (1 + -3 + 5))?
-1
0 - 4 - (-7 + 6)
-3
-2 - (-12 + (-11 - -19))
2
0 + 1 + -29 + 28
0
Evaluate -3 - -5 - 2 - (-4 + 0).
4
Evaluate -4 - (2 + -5 - -1).
-2
Calculate 3 - (13 + -12) - (2 - 2).
2
-7 + -1 + (-7 - -16)
1
Calculate 1 - (-3 - (-1 + 1 - 9)).
-5
-4 - (4 - (11 + -2))
1
What is the value of -3 + 2 + 1 + 1?
1
What is -8 + 14 + 3 + -16?
-7
Evaluate 5 - (11 - (10 - 7)).
-3
What is the value of -2 - (2 + -2 - (3 - 2))?
-1
What is the value of -8 + 4 + 1 + -1?
-4
Calculate -22 - -27 - (-2 - 3).
10
Evaluate (-11 - (-14 + -2)) + -1 + -1.
3
Calculate 0 - (-1 + (3 - 7)).
5
Evaluate (-1 - (3 - 3)) + (2 - 2).
-1
4 - -12 - (11 + -2)
7
What is (0 - -7) + (55 - 57)?
5
What is 0 - -13 - (94 + -85)?
4
What is the value of 5 + (-11 - 0 - (4 - 8))?
-2
Evaluate 4 - (4 + -6 + 2).
4
What is the value of -7 + 11 - (-2 - -3)?
3
-3 + 4 + 7 + -4 - 1
3
Evaluate (5 - (2 - 4)) + -6 + 3.
4
What is the value of 1 + -6 + (3 - -2) + 5?
5
What is -6 + 3 + (-3 - -4 - 2)?
-4
Calculate (-4 + 10 + -5 - -4) + -2.
3
What is (-6 - -3) + 5 - 4?
-2
Calculate 24 + -21 - (0 - -9) - -1.
-5
2 + (6 - 12) + 0
-4
What is the value of 5 + 1 - ((-4 - -6) + -2)?
6
Calculate 16 + -13 - (4 - -2).
-3
What is the value of (-5 - (-9 - -2)) + -2?
0
What is the value of -35 - -36 - (-1 + 3 + -1)?
0
Calculate -2 + -3 + -2 + -1 + 4.
-4
Calculate 5 + -1 + 1 + -1 + -11.
-7
(10 - (16 + -12)) + 2
8
What is (10 - 6 - 8 - -7) + -4?
-1
What is -8 - (2 - 1 - -2 - 9)?
-2
What is the value of 13 - (-6 - -11) - 11?
-3
Evaluate (-15 - -17) + (-5 - (-2 + 0)).
-1
Calculate -8 + (-5 - (-3 + -8)) + -2.
-4
2 + (4 + -2 - -1)
5
Calculate (1 + -3 - 0) + 7.
5
What is -2 + 3 - (-3 + (-1 - -1))?
4
Calculate -10 + 8 + -1 - (5 + -1).
-7
Evaluate -16 + 5 - -12 - (-1 + -1).
3
What is the value of 0 + -1 + (3 - 0)?
2
Evaluate 2 - (3 + -10 + 5).
4
Evaluate 3 + (4 - (-4 - -8)) - -1.
4
Calculate 7 + 4 + -9 + 1.
3
What is 2 + -7 + (-4 + 8 - -1)?
0
What is the value of (-1 - 7) + 13 + -12 + 5?
-2
Evaluate 1 + -3 + 1 + 1 + -4.
-4
What is the value of -6 - (-1 - 5 - (2 - 0))?
2
What is (0 - -2) + 13 + -16?
-1
What is the value of -14 + -9 + 3 + 9?
-11
What is the value of 1 - -2 - (-5 + -2 + 13)?
-3
What is 48 + -45 - (1 - -1) - 0?
1
Calculate (1 - -2) + 2 + -1.
4
-1 + 2 - (-10 - -4 - -2)
5
(-1 - 4) + -1 + 1 + 2
-3
(-1 + 2 - (-4 - -6)) + 1
0
Calculate -3 - -2 - 3 - (58 + -58).
-4
What is 2 + -9 + 2 + 3 + 10?
8
What is 5 + (0 - -2) + (32 - 36)?
3
Evaluate -6 + (11 - 2 - 3).
0
Evaluate 7 + (1 - (6 + 1)).
1
-11 + -1 + 10 + -5
-7
Calculate 0 - (2 - ((6 - 0) + -3)).
1
What is the value of 2 - -3 - (-3 + 12)?
-4
Calculate (4 - 0) + 4 + 0 + -14.
-6
What is 0 + -8 + (24 + -22 - 2)?
-8
Evaluate 8 + -6 - (-3 - 0) - 0.
5
What is the value of 7 + 2 + 5 + -15?
-1
Calculate -8 + 6 + 3 + (0 - 4).
-3
What is the value of -6 + -5 + -7 + 11 + 3?
-4
What is the value of 9 + (16 + -8 - 10)?
7
What is the value of 1 + 2 - (3 - (2 - -1))?
3
What is the value of -5 - (-1 + 4) - -4?
-4
What is the value of -4 + -2 + 7 + -1?
0
0 + -5 + (27 - 24)
-2
What is the value of -80 + 86 - (-1 + 1 - 0)?
6
What is 0 + 1 + 1 + (1 - 6)?
-3
What is -10 + (-6 - -28) + -14?
-2
-10 - (-11 - (-4 - 2))
-5
Calculate -3 - (-9 - ((-1 - -1) + -1)).
5
Evaluate (-6 - -3) + (1 - (3 - 4)).
-1
What is 7 + (2 - 13) + 0?
-4
Evaluate -2 - (-1 + (1 - 1)) - -5.
4
What is the value of (4 - (-3 + 0)) + -11?
-4
What is the value of (1 - 0) + -9 + 12?
4
(8 - 5) + -2 + (-3 - -1)
-1
What is the value of -6 - (-7 + (9 - 3))?
-5
Calculate 5 + -7 - (1 - (-4 - -2)).
-5
144 - 137 - (10 + 0)
-3
-1 - -2 - (8 + -3)
-4
Calculate (2 + 3 - 5) + -3 + -3.
-6
Calculate (-18 - -7 - (1 - 7)) + -5.
-10
-4 + (-1 - (6 - 1) - -5)
-5
What is the value of 3 + (3 + (-1 - 2) - 0)?
3
Evaluate 10 + 1 + 8 + -10.
9
What is the value of -12 - (-6 - (-6 - -9 - 5))?
-8
What is the value of -2 - (2 + -3 + 0 + -1)?
0
What is -2 + (3 + -2 - -3) - -4?
6
Calculate -2 - (7 + -4 - (-2 - -6)).
-1
Evaluate (8 - 2) + (0 - 1).
5
What is the value of 4 - (-5 + 5 + 4)?
0
What is the value of -3 + (8 - (-6 - -7))?
4
Evaluate -14 + 16 + -1 + -3 - 3.
-5
What is 5 + -4 + 5 + -2?
4
-10 + 4 + (4 - 9) + 1
-10
Calculate 0 + 3 + (2 - 1).
4
Calculate 0 + (-1 - -2) + -6 + 10.
5
What is the value of 2 + 2 + (-6 - 0) - -5?
3
Calculate 2 + 3 - (-1 - -8).
-2
What is the value of (-4 - (-4 + 1)) + -1?
-2
-1 - -1 - -2 - 3
-1
7 + (-8 + -10 - -10)
-1
Calculate (3 - -4 - 10) + 5.
2
6 + -10 - (10 - 5)
-9
2 - (-2 - (0 - (4 + 0)))
0
(0 - 6) + -7 + 14
1
What is -5 - (-2 + (-1 - 1))?
-1
Evaluate -3 - (1 + 2) - -4.
-2
What is -1 + 6 - 11 - -3?
-3
What is 2 + 3 + -3 + (-3 - -5)?
4
Evaluate -1 + (-10 - -11 - (1 - -1)).
-2
Calculate -7 + 1 + (36 - 11 - 11).
8
0 + -4 + 2 + -2 + 1
-3
2 - (-6 + (4 - -4)